{"id":322,"date":"2013-07-14T16:24:05","date_gmt":"2013-07-14T16:24:05","guid":{"rendered":"https:\/\/mozaika.ug.edu.pl\/?page_id=322"},"modified":"2022-11-12T11:54:18","modified_gmt":"2022-11-12T11:54:18","slug":"o-nas","status":"publish","type":"page","link":"https:\/\/mozaika.ug.edu.pl\/?page_id=322","title":{"rendered":"Cz\u0142onkowie ko\u0142a"},"content":{"rendered":"<p><strong><img loading=\"lazy\" decoding=\"async\" class=\"wp-image-1501 alignleft\" src=\"https:\/\/mozaika.ug.edu.pl\/wp-content\/uploads\/2013\/07\/P-doktor-2.jpg\" alt=\"\" width=\"151\" height=\"152\" srcset=\"https:\/\/mozaika.ug.edu.pl\/wp-content\/uploads\/2013\/07\/P-doktor-2.jpg 562w, https:\/\/mozaika.ug.edu.pl\/wp-content\/uploads\/2013\/07\/P-doktor-2-150x150.jpg 150w, https:\/\/mozaika.ug.edu.pl\/wp-content\/uploads\/2013\/07\/P-doktor-2-298x300.jpg 298w, https:\/\/mozaika.ug.edu.pl\/wp-content\/uploads\/2013\/07\/P-doktor-2-149x150.jpg 149w\" sizes=\"auto, (max-width: 151px) 100vw, 151px\" \/>Opiekun Ko\u0142a:\u00a0<\/strong><strong>dr Aleksandra Wierucka\u00a0\u2013<\/strong> kulturoznawca i antropolog; ciekawi\u0105 j\u0105 kwestie zwi\u0105zane z odmiennym postrzeganiem \u015bwiata i r\u00f3\u017cnorodno\u015bci\u0105 kulturow\u0105; specjalizuje si\u0119 w \u201eogarnianiu\u201d zbyt wielu spraw naraz (i czasem daje rad\u0119); z rado\u015bci\u0105 wita wszelkie studenckie inicjatywy, kt\u00f3re tw\u00f3rczo wychodz\u0105 poza schemat.<\/p>\n<p>&nbsp;<\/p>\n<p><img loading=\"lazy\" decoding=\"async\" class=\"wp-image-1504 alignleft\" src=\"https:\/\/mozaika.ug.edu.pl\/wp-content\/uploads\/2013\/07\/Ko\u015bci\u0144ska-Paulina_zdj\u0119cie_mozaika-1024x1024.jpg\" alt=\"\" width=\"153\" height=\"153\" srcset=\"https:\/\/mozaika.ug.edu.pl\/wp-content\/uploads\/2013\/07\/Ko\u015bci\u0144ska-Paulina_zdj\u0119cie_mozaika-1024x1024.jpg 1024w, https:\/\/mozaika.ug.edu.pl\/wp-content\/uploads\/2013\/07\/Ko\u015bci\u0144ska-Paulina_zdj\u0119cie_mozaika-150x150.jpg 150w, https:\/\/mozaika.ug.edu.pl\/wp-content\/uploads\/2013\/07\/Ko\u015bci\u0144ska-Paulina_zdj\u0119cie_mozaika-300x300.jpg 300w, https:\/\/mozaika.ug.edu.pl\/wp-content\/uploads\/2013\/07\/Ko\u015bci\u0144ska-Paulina_zdj\u0119cie_mozaika-768x768.jpg 768w\" sizes=\"auto, (max-width: 153px) 100vw, 153px\" \/><\/p>\n<p><strong>Paulina Ko\u015bci\u0144ska<\/strong> &#8211; absolwentka kulturoznawstwa na UG, magistra socjologii [in progress]; mi\u0142o\u015bniczka sztuk wszelakich, a tak\u017ce aspiruj\u0105cy stoik i erudyta; inspiruj\u0105 j\u0105 alternatywne style \u017cycia i czerpi\u0105c z nich gar\u015bciami d\u0105\u017cy do opracowania tego jedynego, dobrego i swojego sposobu na zostanie przyk\u0142adnym Ziemianinem; aby ten opis by\u0142 praktyczny wspomni, \u017ce warto suplementowa\u0107 witamin\u0119 D.<\/p>\n<p>&nbsp;<\/p>\n<p><a href=\"https:\/\/mozaika.ug.edu.pl\/wp-content\/uploads\/2022\/10\/313007184_501635145181982_7305174419918680432_n.jpg\"><img loading=\"lazy\" decoding=\"async\" class=\"alignleft wp-image-1765 size-thumbnail\" src=\"https:\/\/mozaika.ug.edu.pl\/wp-content\/uploads\/2022\/10\/313007184_501635145181982_7305174419918680432_n-150x150.jpg\" alt=\"\" width=\"150\" height=\"150\" \/><\/a><strong>Gosia Harasimowicz<\/strong> &#8211; studentka kulturoznawstwa w ramach MISHIS oraz biologii na UG. \u017beglarka. Kiedy\u015b copywriterka, dzi\u015b bardziej pisarka in the making. Interesuj\u0105 j\u0105 migracje, inkluzywny j\u0119zyk, antropologia przemocy, no i zagadnienia z pogranicza nauk przyrodniczych, spo\u0142ecznych oraz humanistycznych. Feministka, co lubi dzia\u0142anie w kolektywach i podr\u00f3\u017cowanie w pojedynk\u0119. I kocha nordycki ch\u0142odek.<\/p>\n<h2><\/h2>\n<h2><\/h2>\n<p>&nbsp;<\/p>\n<p><a href=\"https:\/\/mozaika.ug.edu.pl\/wp-content\/uploads\/2022\/10\/311486044_637386907789421_1190487269870649811_n.jpg\"><img loading=\"lazy\" decoding=\"async\" class=\"size-thumbnail wp-image-1766 alignleft\" src=\"https:\/\/mozaika.ug.edu.pl\/wp-content\/uploads\/2022\/10\/311486044_637386907789421_1190487269870649811_n-150x150.jpg\" alt=\"\" width=\"150\" height=\"150\" \/><\/a> <strong>Krzysztof Kowalewski<\/strong> &#8211; od dzieci\u0144stwa interesuje go kolejnictwo &#8211; zawsze przegl\u0105da\u0142 mn\u00f3stwo album\u00f3w i ksi\u0105\u017cek zwi\u0105zanych z t\u0105 tematyk\u0105. P\u00f3\u017aniej zacz\u0105\u0142 tak\u017ce zajmowa\u0107 si\u0119 rysunkiem, rozszerzaj\u0105c zainteresowania w stron\u0119 sztuki i literatury. Kulturoznawstwo zacz\u0105\u0142 studiowa\u0107 g\u0142\u00f3wnie w celu znalezienia sposob\u00f3w ekspresji swoich zainteresowa\u0144.<\/p>\n<h2><\/h2>\n<p>&nbsp;<\/p>\n<p><a href=\"https:\/\/mozaika.ug.edu.pl\/wp-content\/uploads\/2022\/11\/313083687_3040408739591073_8056784548966936062_n.jpg\"><img loading=\"lazy\" decoding=\"async\" class=\"size-thumbnail wp-image-1776 alignleft\" src=\"https:\/\/mozaika.ug.edu.pl\/wp-content\/uploads\/2022\/11\/313083687_3040408739591073_8056784548966936062_n-150x150.jpg\" alt=\"\" width=\"150\" height=\"150\" \/><\/a> <strong>Karolina Komorowska<\/strong> &#8211; studentka kulturoznawstwa na UG. Interesuj\u0105ca si\u0119 fotografi\u0105. Aktorka w Kaszubskim Teatrze Zymk. Uwielbia podziwia\u0107 sztuk\u0119 i tworzy\u0107 sztuk\u0119. Inspiruje j\u0105 wszystko, co dotyczy rozwoju kultury. Uwielbia pracowa\u0107 na rzecz kultury Regionu.<\/p>\n<p>&nbsp;<\/p>\n<p>&nbsp;<\/p>\n<h2><strong>Cz\u0142onkowie honorowi:<\/strong><\/h2>\n<p><img loading=\"lazy\" decoding=\"async\" class=\"wp-image-1676 alignleft\" src=\"https:\/\/mozaika.ug.edu.pl\/wp-content\/uploads\/2022\/10\/178440121_3286385264921243_3689567290704825064_n-300x300.jpg\" alt=\"\" width=\"161\" height=\"161\" srcset=\"https:\/\/mozaika.ug.edu.pl\/wp-content\/uploads\/2022\/10\/178440121_3286385264921243_3689567290704825064_n-300x300.jpg 300w, https:\/\/mozaika.ug.edu.pl\/wp-content\/uploads\/2022\/10\/178440121_3286385264921243_3689567290704825064_n-150x150.jpg 150w, https:\/\/mozaika.ug.edu.pl\/wp-content\/uploads\/2022\/10\/178440121_3286385264921243_3689567290704825064_n-768x769.jpg 768w, https:\/\/mozaika.ug.edu.pl\/wp-content\/uploads\/2022\/10\/178440121_3286385264921243_3689567290704825064_n.jpg 896w\" sizes=\"auto, (max-width: 161px) 100vw, 161px\" \/> <strong>Kaja Jankowska<\/strong> &#8211; absolwentka kulturoznawstwa na UG; mi\u0142o\u015bniczka natury, przejmuje si\u0119 wszystkim w tym losami planety. Jej my\u015bli kr\u0105\u017c\u0105 wok\u00f3\u0142 temat\u00f3w zwi\u0105zanych z antropocenem. Pr\u00f3buje \u017cy\u0107 ekologicznie &#8211; wybacza sobie b\u0142\u0119dy &#8211; stawia chwiejne kroki w stron\u0119 less waste. Ka\u017cd\u0105 woln\u0105 chwil\u0119 mog\u0142aby sp\u0119dzi\u0107 w podr\u00f3\u017cy lub na g\u00f3rskich w\u0119dr\u00f3wkach.<\/p>\n<p>&nbsp;<\/p>\n<p>&nbsp;<\/p>\n<p><img loading=\"lazy\" decoding=\"async\" class=\"wp-image-1502 alignleft\" src=\"https:\/\/mozaika.ug.edu.pl\/wp-content\/uploads\/2013\/07\/emilia.jpg\" alt=\"\" width=\"152\" height=\"154\" srcset=\"https:\/\/mozaika.ug.edu.pl\/wp-content\/uploads\/2013\/07\/emilia.jpg 480w, https:\/\/mozaika.ug.edu.pl\/wp-content\/uploads\/2013\/07\/emilia-296x300.jpg 296w, https:\/\/mozaika.ug.edu.pl\/wp-content\/uploads\/2013\/07\/emilia-148x150.jpg 148w\" sizes=\"auto, (max-width: 152px) 100vw, 152px\" \/><\/p>\n<p><b>Emilia Wi\u015bniewska: <\/b>socjolog. Interesuje si\u0119 kultur\u0105 s\u0142owia\u0144sk\u0105, greck\u0105, azteck\u0105 oraz egipsk\u0105. Zachwycaj\u0105 j\u0105 burze, chce zosta\u0107 amatorskim \u0142owc\u0105 burz. Uwielbia ogl\u0105da\u0107 seriale oraz czyta\u0107 ksi\u0105\u017cki z gatunku fantastyki.<\/p>\n<p>&nbsp;<\/p>\n<p>&nbsp;<\/p>\n<p>&nbsp;<\/p>\n<p><img loading=\"lazy\" decoding=\"async\" class=\"wp-image-1506 alignleft\" src=\"https:\/\/mozaika.ug.edu.pl\/wp-content\/uploads\/2013\/07\/48427422_2460969193977562_8709519581170892800_n.jpg\" alt=\"\" width=\"153\" height=\"152\" srcset=\"https:\/\/mozaika.ug.edu.pl\/wp-content\/uploads\/2013\/07\/48427422_2460969193977562_8709519581170892800_n.jpg 960w, https:\/\/mozaika.ug.edu.pl\/wp-content\/uploads\/2013\/07\/48427422_2460969193977562_8709519581170892800_n-150x150.jpg 150w, https:\/\/mozaika.ug.edu.pl\/wp-content\/uploads\/2013\/07\/48427422_2460969193977562_8709519581170892800_n-300x298.jpg 300w, https:\/\/mozaika.ug.edu.pl\/wp-content\/uploads\/2013\/07\/48427422_2460969193977562_8709519581170892800_n-768x764.jpg 768w, https:\/\/mozaika.ug.edu.pl\/wp-content\/uploads\/2013\/07\/48427422_2460969193977562_8709519581170892800_n-151x150.jpg 151w\" sizes=\"auto, (max-width: 153px) 100vw, 153px\" \/><\/p>\n<p><b>Dorian S\u0142odkowski<\/b>&#8211; absolwent historii sztuki i technik plastyk. Interesuje go sztuka \u015bredniowieczna i renesansowa, a zw\u0142aszcza zagadnienia z dziedziny mecenatu oraz przeplatania si\u0119 polityki z kultur\u0105. Uwielbia podr\u00f3\u017cowa\u0107, rysowa\u0107 oraz gapi\u0107 si\u0119 godzinami w morze. Twierdzi, \u017ce g\u0142\u00f3wnie zajmuje si\u0119 byciem smutnym i aspo\u0142ecznym, ale spr\u00f3buj tylko wspomnie\u0107 w jego towarzystwie o grach RPG albo ciastkach.<\/p>\n<p>&nbsp;<\/p>\n<p>&nbsp;<\/p>\n<p><strong><img loading=\"lazy\" decoding=\"async\" class=\"alignleft wp-image-948\" src=\"https:\/\/mozaika.ug.edu.pl\/wp-content\/uploads\/2013\/07\/Zdj\u0119cia-iphone-462-150x150.jpg\" alt=\"\" width=\"156\" height=\"157\" \/>Julia Rachwalska\u00a0\u2013 <\/strong>absolwentka kulturoznawstwa na UG. Jej pasj\u0105 jest Teatr Improwizacji i w\u0142a\u015bnie temu po\u015bwi\u0119ca najwi\u0119cej czasu.Fascynuje j\u0105 poznawanie r\u00f3\u017cnych os\u00f3b, bo jej zdaniem rozmowy, najbardziej rozwijaj\u0105 cz\u0142owieka. Ca\u0142y czas marzy o dalekich podr\u00f3\u017cach i do\u015bwiadczaniu zupe\u0142nie odmiennych kultur.<\/p>\n<p>&nbsp;<\/p>\n<p>&nbsp;<\/p>\n<p><img loading=\"lazy\" decoding=\"async\" class=\"alignleft wp-image-1197\" src=\"https:\/\/mozaika.ug.edu.pl\/wp-content\/uploads\/2013\/07\/13413736_1101509373239672_5568197567184398079_n-150x150.jpg\" alt=\"\" width=\"145\" height=\"145\" srcset=\"https:\/\/mozaika.ug.edu.pl\/wp-content\/uploads\/2013\/07\/13413736_1101509373239672_5568197567184398079_n-150x150.jpg 150w, https:\/\/mozaika.ug.edu.pl\/wp-content\/uploads\/2013\/07\/13413736_1101509373239672_5568197567184398079_n-300x300.jpg 300w, https:\/\/mozaika.ug.edu.pl\/wp-content\/uploads\/2013\/07\/13413736_1101509373239672_5568197567184398079_n.jpg 320w\" sizes=\"auto, (max-width: 145px) 100vw, 145px\" \/><\/p>\n<p><strong>\u00a0Daria Klucewicz\u00a0\u2013\u00a0<\/strong>archeolog, etnofilolog kaszubski i studentka krajoznawstwa i turystyki historycznej UG. Od lat fotografuj\u0105c, uwiecznia ludzi w r\u00f3\u017cnych, czasem komicznych sytuacjach, \u015bpiewa w Laboratorium Pie\u015bni, ta\u0144czy i improwizuje. \u017bycie czerpie gar\u015bciami i nawet jak nie ma czasu, to i tak na wszystko go ma. U\u015bmiech leczy. \ud83d\ude42<\/p>\n<p>&nbsp;<\/p>\n<p>&nbsp;<\/p>\n<p><a href=\"https:\/\/mozaika.ug.edu.pl\/wp-content\/uploads\/2013\/07\/szastam-j\u0119zorem-na-UG.jpg\"><img loading=\"lazy\" decoding=\"async\" class=\"alignleft wp-image-940\" src=\"https:\/\/mozaika.ug.edu.pl\/wp-content\/uploads\/2013\/07\/szastam-j\u0119zorem-na-UG-150x150.jpg\" alt=\"szastam j\u0119zorem na UG\" width=\"160\" height=\"161\" \/><\/a><strong>Micha\u0142 Staniszewski<\/strong>\u00a0<strong>\u2013<\/strong> acz reaguje bardziej na <strong>Nied\u017awied\u017a z Lasu<\/strong>. Niedosz\u0142y polonista i dziennikarz, kt\u00f3ry postanowi\u0142 pod\u0105\u017cy\u0107 za antropologicznymi pasjami. Stara si\u0119 nieustannie piel\u0119gnowa\u0107 w sobie fascynacj\u0119 \u015bwiatem i lud\u017ami. Lubi ukrywa\u0107 si\u0119 w lesie, gdzie w\u0142\u00f3czy si\u0119 z dala od ucz\u0119szczanych \u015bcie\u017cek, integruj\u0105c si\u0119 przy okazji z mas\u0105 kleszczy i bardzo zaskoczonych saren. Poza tym wielbiciel literatury, muzyki i komiksu. I zwierz\u0105t. Nie rozumie wys\u0142awiania si\u0119 140 znakami (Twitter to z\u0142o). Ma\u0142o fotogeniczny. Mimo, \u017ce nied\u017awied\u017a, to raczej niegro\u017any. Raczej.<\/p>\n<p>&nbsp;<\/p>\n<p>&nbsp;<\/p>\n<p><strong><a href=\"https:\/\/mozaika.ug.edu.pl\/wp-content\/uploads\/2013\/07\/TL.jpg\"><img loading=\"lazy\" decoding=\"async\" class=\" wp-image-663 alignleft\" title=\"Tomasz Lidzbarski\" src=\"https:\/\/mozaika.ug.edu.pl\/wp-content\/uploads\/2013\/07\/TL.jpg\" alt=\"TL\" width=\"151\" height=\"151\" srcset=\"https:\/\/mozaika.ug.edu.pl\/wp-content\/uploads\/2013\/07\/TL.jpg 475w, https:\/\/mozaika.ug.edu.pl\/wp-content\/uploads\/2013\/07\/TL-150x150.jpg 150w, https:\/\/mozaika.ug.edu.pl\/wp-content\/uploads\/2013\/07\/TL-300x300.jpg 300w\" sizes=\"auto, (max-width: 151px) 100vw, 151px\" \/><\/a>Tomasz Lidzbarski \u2013<\/strong> absolwent kulturoznawstwa, zafascynowany lud\u017ami i otaczaj\u0105cym go \u015bwiatem. Pochodzi z po\u0142o\u017conej na Kaszubach Ko\u015bcierzyny. Chcia\u0142by przeczyta\u0107, zobaczy\u0107, nauczy\u0107 si\u0119, napisa\u0107 i do\u015bwiadczy\u0107 wi\u0119cej ni\u017c to mo\u017cliwe. Mimo to ci\u0105gle si\u0119 stara. Interesuje si\u0119 etnologi\u0105 i antropologi\u0105 kulturow\u0105. Czasem nie potrafi przesta\u0107 m\u00f3wi\u0107. Kocha podr\u00f3\u017ce.<\/p>\n<p>&nbsp;<\/p>\n<p>&nbsp;<\/p>\n<p><img loading=\"lazy\" decoding=\"async\" class=\"wp-image-1510 alignleft\" src=\"https:\/\/mozaika.ug.edu.pl\/wp-content\/uploads\/2013\/07\/Panda.png\" alt=\"\" width=\"153\" height=\"151\" srcset=\"https:\/\/mozaika.ug.edu.pl\/wp-content\/uploads\/2013\/07\/Panda.png 960w, https:\/\/mozaika.ug.edu.pl\/wp-content\/uploads\/2013\/07\/Panda-300x297.png 300w, https:\/\/mozaika.ug.edu.pl\/wp-content\/uploads\/2013\/07\/Panda-768x761.png 768w, https:\/\/mozaika.ug.edu.pl\/wp-content\/uploads\/2013\/07\/Panda-151x150.png 151w\" sizes=\"auto, (max-width: 153px) 100vw, 153px\" \/><b>Anna Przybylska<\/b>&#8211; wieczna studentka &#8211; przez rok nawet kulturoznawstwa, potem intermedi\u00f3w, teraz my\u015bli o psychologii albo etnologii. Albo historii. Albo socjologii. Albo czegokolwiek zwi\u0105zanego z lud\u017ami i komunikacj\u0105 mi\u0119dzy nimi. Aktualnie na \u015bwiadomej drodze do poznawania siebie. Niania w domowym \u017c\u0142obku, ilustrator s\u0142owia\u0144skiej mitologii, grafoman rpg-owy. Kiedy\u015b mo\u017ce w ko\u0144cu narysuj\u0119 ten sw\u00f3j wy\u015bniony komiks. Najpierw jednak musi podbi\u0107 \u015bwiat<\/p>\n","protected":false},"excerpt":{"rendered":"<p>Opiekun Ko\u0142a:\u00a0dr Aleksandra Wierucka\u00a0\u2013 kulturoznawca i antropolog; ciekawi\u0105 j\u0105 kwestie zwi\u0105zane z odmiennym postrzeganiem \u015bwiata i r\u00f3\u017cnorodno\u015bci\u0105 kulturow\u0105; specjalizuje si\u0119 w \u201eogarnianiu\u201d zbyt wielu spraw naraz (i czasem daje rad\u0119); z rado\u015bci\u0105 wita wszelkie studenckie inicjatywy, kt\u00f3re tw\u00f3rczo wychodz\u0105 poza schemat. &nbsp; Paulina Ko\u015bci\u0144ska &#8211; absolwentka kulturoznawstwa na UG, magistra \u2026 <a class=\"continue-reading-link\" href=\"https:\/\/mozaika.ug.edu.pl\/?page_id=322\"> Continue reading<\/a><\/p>\n","protected":false},"author":100,"featured_media":0,"parent":0,"menu_order":0,"comment_status":"open","ping_status":"open","template":"","meta":{"footnotes":""},"class_list":["post-322","page","type-page","status-publish","hentry"],"_links":{"self":[{"href":"https:\/\/mozaika.ug.edu.pl\/index.php?rest_route=\/wp\/v2\/pages\/322","targetHints":{"allow":["GET"]}}],"collection":[{"href":"https:\/\/mozaika.ug.edu.pl\/index.php?rest_route=\/wp\/v2\/pages"}],"about":[{"href":"https:\/\/mozaika.ug.edu.pl\/index.php?rest_route=\/wp\/v2\/types\/page"}],"author":[{"embeddable":true,"href":"https:\/\/mozaika.ug.edu.pl\/index.php?rest_route=\/wp\/v2\/users\/100"}],"replies":[{"embeddable":true,"href":"https:\/\/mozaika.ug.edu.pl\/index.php?rest_route=%2Fwp%2Fv2%2Fcomments&post=322"}],"version-history":[{"count":60,"href":"https:\/\/mozaika.ug.edu.pl\/index.php?rest_route=\/wp\/v2\/pages\/322\/revisions"}],"predecessor-version":[{"id":1778,"href":"https:\/\/mozaika.ug.edu.pl\/index.php?rest_route=\/wp\/v2\/pages\/322\/revisions\/1778"}],"wp:attachment":[{"href":"https:\/\/mozaika.ug.edu.pl\/index.php?rest_route=%2Fwp%2Fv2%2Fmedia&parent=322"}],"curies":[{"name":"wp","href":"https:\/\/api.w.org\/{rel}","templated":true}]}}