{"id":1393,"date":"2018-05-16T19:10:03","date_gmt":"2018-05-16T19:10:03","guid":{"rendered":"https:\/\/mozaika.ug.edu.pl\/?page_id=1393"},"modified":"2018-05-16T19:10:03","modified_gmt":"2018-05-16T19:10:03","slug":"mozaika-w-ekwadorze-po-raz-trzeci","status":"publish","type":"page","link":"https:\/\/mozaika.ug.edu.pl\/?page_id=1393","title":{"rendered":"Mozaika w Ekwadorze po raz trzeci!"},"content":{"rendered":"<p class=\"m_-6410871807509043301gmail-MsoNormal\">Tym razem wys\u0142ali\u015bmy na inny kontynent Tomka, \u017ceby wspar\u0142 pani\u0105 dr Wieruck\u0105 w badaniach dotycz\u0105cych migracji m\u0142odzie\u017cy Indian Huaroani. Wyprawa odby\u0142a si\u0119 w maju oraz czerwcu i by\u0142a cz\u0119\u015bci\u0105 mi\u0119dzynarodowego projektu realizowanego przy wsp\u00f3\u0142pracy z pani\u0105 dr Josef\u0105 Carpen\u0105-Mendez (pe\u0142en opis projektu w linku poni\u017cej)<\/p>\n<p><a href=\"https:\/\/fil.ug.edu.pl\/nauka_3\/projekty_naukowe\/grant_ncn_polonez_1\" target=\"_blank\" rel=\"noopener noreferrer\" data-saferedirecturl=\"https:\/\/www.google.com\/url?hl=pl&amp;q=https:\/\/fil.ug.edu.pl\/nauka_3\/projekty_naukowe\/grant_ncn_polonez_1&amp;source=gmail&amp;ust=1512502846095000&amp;usg=AFQjCNENxz0UiAgpXO_M-bX__psg0G2Y0g\">https:\/\/fil.ug.edu.pl\/nauka_<wbr \/>3\/projekty_naukowe\/grant_ncn_<wbr \/>polonez_1<\/a><\/p>\n<p class=\"m_-6410871807509043301gmail-MsoNormal\">Tomek postanowi\u0142 skorzysta\u0107 z okazji i poszerzy\u0107 swoje do\u015bwiadczenie w zbieraniu danych w terenie, czego efektem by\u0142 jego udzia\u0142 w badaniach.<\/p>\n<p class=\"m_-6410871807509043301gmail-MsoNormal\">Jak stwierdzi\u0142, jednym z najwa\u017cniejszych do\u015bwiadcze\u0144 podczas bada\u0144 by\u0142a dla niego mo\u017cliwo\u015b\u0107 zanurzenia si\u0119 w zupe\u0142nie odmienn\u0105 kultur\u0119 i poznanie jak inaczej mo\u017cna funkcjonowa\u0107, od tego co zna na co dzie\u0144.<\/p>\n<p class=\"m_-6410871807509043301gmail-MsoNormal\">Warto pami\u0119ta\u0107, \u017ce codzienno\u015b\u0107 w innych kulturach wygl\u0105da inaczej, ni\u017c to co znamy i jest dla nas \u201enaturalne\u201d. I o tej pi\u0119knej r\u00f3\u017cnorodno\u015bci Mozaika stara si\u0119 przypomina\u0107.<\/p>\n<p>Cieszymy si\u0119, \u017ce badania zako\u0144czy\u0142y si\u0119 sukcesem a pani Dr Wierucka i Tomek wr\u00f3cili do nas bezpiecznie.\u00a0 :<\/p>\n<p class=\"m_-6410871807509043301gmail-MsoNormal\">Poni\u017cej kilka zdj\u0119\u0107 z wyprawy:<\/p>\n<p class=\"m_-6410871807509043301gmail-MsoNormal\"><img loading=\"lazy\" decoding=\"async\" class=\"alignnone size-large wp-image-1282\" src=\"https:\/\/mozaika.ug.edu.pl\/wp-content\/uploads\/2017\/12\/2-1024x683.jpg\" alt=\"\" width=\"800\" height=\"534\" srcset=\"https:\/\/mozaika.ug.edu.pl\/wp-content\/uploads\/2017\/12\/2.jpg 1024w, https:\/\/mozaika.ug.edu.pl\/wp-content\/uploads\/2017\/12\/2-300x200.jpg 300w, https:\/\/mozaika.ug.edu.pl\/wp-content\/uploads\/2017\/12\/2-768x512.jpg 768w, https:\/\/mozaika.ug.edu.pl\/wp-content\/uploads\/2017\/12\/2-225x150.jpg 225w, https:\/\/mozaika.ug.edu.pl\/wp-content\/uploads\/2017\/12\/2-150x100.jpg 150w\" sizes=\"auto, (max-width: 800px) 100vw, 800px\" \/> <img loading=\"lazy\" decoding=\"async\" class=\"alignnone size-large wp-image-1283\" src=\"https:\/\/mozaika.ug.edu.pl\/wp-content\/uploads\/2017\/12\/4.jpg\" alt=\"\" width=\"800\" height=\"600\" srcset=\"https:\/\/mozaika.ug.edu.pl\/wp-content\/uploads\/2017\/12\/4.jpg 911w, https:\/\/mozaika.ug.edu.pl\/wp-content\/uploads\/2017\/12\/4-300x225.jpg 300w, https:\/\/mozaika.ug.edu.pl\/wp-content\/uploads\/2017\/12\/4-768x576.jpg 768w, https:\/\/mozaika.ug.edu.pl\/wp-content\/uploads\/2017\/12\/4-200x150.jpg 200w, https:\/\/mozaika.ug.edu.pl\/wp-content\/uploads\/2017\/12\/4-150x112.jpg 150w\" sizes=\"auto, (max-width: 800px) 100vw, 800px\" \/> <img loading=\"lazy\" decoding=\"async\" class=\"alignnone size-large wp-image-1284\" src=\"https:\/\/mozaika.ug.edu.pl\/wp-content\/uploads\/2017\/12\/5.jpg\" alt=\"\" width=\"800\" height=\"600\" srcset=\"https:\/\/mozaika.ug.edu.pl\/wp-content\/uploads\/2017\/12\/5.jpg 911w, https:\/\/mozaika.ug.edu.pl\/wp-content\/uploads\/2017\/12\/5-300x225.jpg 300w, https:\/\/mozaika.ug.edu.pl\/wp-content\/uploads\/2017\/12\/5-768x576.jpg 768w, https:\/\/mozaika.ug.edu.pl\/wp-content\/uploads\/2017\/12\/5-200x150.jpg 200w, https:\/\/mozaika.ug.edu.pl\/wp-content\/uploads\/2017\/12\/5-150x112.jpg 150w\" sizes=\"auto, (max-width: 800px) 100vw, 800px\" \/> <img loading=\"lazy\" decoding=\"async\" class=\"alignnone size-large wp-image-1285\" src=\"https:\/\/mozaika.ug.edu.pl\/wp-content\/uploads\/2017\/12\/6-1024x683.jpg\" alt=\"\" width=\"800\" height=\"534\" srcset=\"https:\/\/mozaika.ug.edu.pl\/wp-content\/uploads\/2017\/12\/6.jpg 1024w, https:\/\/mozaika.ug.edu.pl\/wp-content\/uploads\/2017\/12\/6-300x200.jpg 300w, https:\/\/mozaika.ug.edu.pl\/wp-content\/uploads\/2017\/12\/6-768x512.jpg 768w, https:\/\/mozaika.ug.edu.pl\/wp-content\/uploads\/2017\/12\/6-225x150.jpg 225w, https:\/\/mozaika.ug.edu.pl\/wp-content\/uploads\/2017\/12\/6-150x100.jpg 150w\" sizes=\"auto, (max-width: 800px) 100vw, 800px\" \/> <img loading=\"lazy\" decoding=\"async\" class=\"alignnone size-large wp-image-1286\" src=\"https:\/\/mozaika.ug.edu.pl\/wp-content\/uploads\/2017\/12\/9.jpg\" alt=\"\" width=\"800\" height=\"600\" srcset=\"https:\/\/mozaika.ug.edu.pl\/wp-content\/uploads\/2017\/12\/9.jpg 911w, https:\/\/mozaika.ug.edu.pl\/wp-content\/uploads\/2017\/12\/9-300x225.jpg 300w, https:\/\/mozaika.ug.edu.pl\/wp-content\/uploads\/2017\/12\/9-768x576.jpg 768w, https:\/\/mozaika.ug.edu.pl\/wp-content\/uploads\/2017\/12\/9-200x150.jpg 200w, https:\/\/mozaika.ug.edu.pl\/wp-content\/uploads\/2017\/12\/9-150x112.jpg 150w\" sizes=\"auto, (max-width: 800px) 100vw, 800px\" \/> <img loading=\"lazy\" decoding=\"async\" class=\"alignnone size-large wp-image-1287\" src=\"https:\/\/mozaika.ug.edu.pl\/wp-content\/uploads\/2017\/12\/11-1024x683.jpg\" alt=\"\" width=\"800\" height=\"534\" srcset=\"https:\/\/mozaika.ug.edu.pl\/wp-content\/uploads\/2017\/12\/11.jpg 1024w, https:\/\/mozaika.ug.edu.pl\/wp-content\/uploads\/2017\/12\/11-300x200.jpg 300w, https:\/\/mozaika.ug.edu.pl\/wp-content\/uploads\/2017\/12\/11-768x512.jpg 768w, https:\/\/mozaika.ug.edu.pl\/wp-content\/uploads\/2017\/12\/11-225x150.jpg 225w, https:\/\/mozaika.ug.edu.pl\/wp-content\/uploads\/2017\/12\/11-150x100.jpg 150w\" sizes=\"auto, (max-width: 800px) 100vw, 800px\" \/> <img loading=\"lazy\" decoding=\"async\" class=\"alignnone size-large wp-image-1288\" src=\"https:\/\/mozaika.ug.edu.pl\/wp-content\/uploads\/2017\/12\/13.jpg\" alt=\"\" width=\"709\" height=\"472\" srcset=\"https:\/\/mozaika.ug.edu.pl\/wp-content\/uploads\/2017\/12\/13.jpg 709w, https:\/\/mozaika.ug.edu.pl\/wp-content\/uploads\/2017\/12\/13-300x200.jpg 300w, https:\/\/mozaika.ug.edu.pl\/wp-content\/uploads\/2017\/12\/13-225x150.jpg 225w, https:\/\/mozaika.ug.edu.pl\/wp-content\/uploads\/2017\/12\/13-150x100.jpg 150w\" sizes=\"auto, (max-width: 709px) 100vw, 709px\" \/> <img loading=\"lazy\" decoding=\"async\" class=\"alignnone size-large wp-image-1289\" src=\"https:\/\/mozaika.ug.edu.pl\/wp-content\/uploads\/2017\/12\/14-1024x709.jpg\" alt=\"\" width=\"800\" height=\"554\" srcset=\"https:\/\/mozaika.ug.edu.pl\/wp-content\/uploads\/2017\/12\/14.jpg 1024w, https:\/\/mozaika.ug.edu.pl\/wp-content\/uploads\/2017\/12\/14-300x208.jpg 300w, https:\/\/mozaika.ug.edu.pl\/wp-content\/uploads\/2017\/12\/14-768x532.jpg 768w, https:\/\/mozaika.ug.edu.pl\/wp-content\/uploads\/2017\/12\/14-217x150.jpg 217w, https:\/\/mozaika.ug.edu.pl\/wp-content\/uploads\/2017\/12\/14-150x104.jpg 150w\" sizes=\"auto, (max-width: 800px) 100vw, 800px\" \/> <img loading=\"lazy\" decoding=\"async\" class=\"alignnone size-large wp-image-1290\" src=\"https:\/\/mozaika.ug.edu.pl\/wp-content\/uploads\/2017\/12\/16-1024x793.jpg\" alt=\"\" width=\"800\" height=\"620\" srcset=\"https:\/\/mozaika.ug.edu.pl\/wp-content\/uploads\/2017\/12\/16.jpg 1024w, https:\/\/mozaika.ug.edu.pl\/wp-content\/uploads\/2017\/12\/16-300x232.jpg 300w, https:\/\/mozaika.ug.edu.pl\/wp-content\/uploads\/2017\/12\/16-768x595.jpg 768w, https:\/\/mozaika.ug.edu.pl\/wp-content\/uploads\/2017\/12\/16-194x150.jpg 194w, https:\/\/mozaika.ug.edu.pl\/wp-content\/uploads\/2017\/12\/16-150x116.jpg 150w\" sizes=\"auto, (max-width: 800px) 100vw, 800px\" \/> <img loading=\"lazy\" decoding=\"async\" class=\"alignnone size-large wp-image-1291\" src=\"https:\/\/mozaika.ug.edu.pl\/wp-content\/uploads\/2017\/12\/17-1024x760.jpg\" alt=\"\" width=\"800\" height=\"594\" srcset=\"https:\/\/mozaika.ug.edu.pl\/wp-content\/uploads\/2017\/12\/17.jpg 1024w, https:\/\/mozaika.ug.edu.pl\/wp-content\/uploads\/2017\/12\/17-300x223.jpg 300w, https:\/\/mozaika.ug.edu.pl\/wp-content\/uploads\/2017\/12\/17-768x570.jpg 768w, https:\/\/mozaika.ug.edu.pl\/wp-content\/uploads\/2017\/12\/17-202x150.jpg 202w, https:\/\/mozaika.ug.edu.pl\/wp-content\/uploads\/2017\/12\/17-150x111.jpg 150w\" sizes=\"auto, (max-width: 800px) 100vw, 800px\" \/><\/p>\n","protected":false},"excerpt":{"rendered":"<p>Tym razem wys\u0142ali\u015bmy na inny kontynent Tomka, \u017ceby wspar\u0142 pani\u0105 dr Wieruck\u0105 w badaniach dotycz\u0105cych migracji m\u0142odzie\u017cy Indian Huaroani. Wyprawa odby\u0142a si\u0119 w maju oraz czerwcu i by\u0142a cz\u0119\u015bci\u0105 mi\u0119dzynarodowego projektu realizowanego przy wsp\u00f3\u0142pracy z pani\u0105 dr Josef\u0105 Carpen\u0105-Mendez (pe\u0142en opis projektu w linku poni\u017cej) https:\/\/fil.ug.edu.pl\/nauka_3\/projekty_naukowe\/grant_ncn_polonez_1 Tomek postanowi\u0142 skorzysta\u0107 z \u2026 <a class=\"continue-reading-link\" href=\"https:\/\/mozaika.ug.edu.pl\/?page_id=1393\"> Continue reading<\/a><\/p>\n","protected":false},"author":100,"featured_media":0,"parent":0,"menu_order":0,"comment_status":"closed","ping_status":"closed","template":"","meta":{"footnotes":""},"class_list":["post-1393","page","type-page","status-publish","hentry"],"_links":{"self":[{"href":"https:\/\/mozaika.ug.edu.pl\/index.php?rest_route=\/wp\/v2\/pages\/1393","targetHints":{"allow":["GET"]}}],"collection":[{"href":"https:\/\/mozaika.ug.edu.pl\/index.php?rest_route=\/wp\/v2\/pages"}],"about":[{"href":"https:\/\/mozaika.ug.edu.pl\/index.php?rest_route=\/wp\/v2\/types\/page"}],"author":[{"embeddable":true,"href":"https:\/\/mozaika.ug.edu.pl\/index.php?rest_route=\/wp\/v2\/users\/100"}],"replies":[{"embeddable":true,"href":"https:\/\/mozaika.ug.edu.pl\/index.php?rest_route=%2Fwp%2Fv2%2Fcomments&post=1393"}],"version-history":[{"count":1,"href":"https:\/\/mozaika.ug.edu.pl\/index.php?rest_route=\/wp\/v2\/pages\/1393\/revisions"}],"predecessor-version":[{"id":1394,"href":"https:\/\/mozaika.ug.edu.pl\/index.php?rest_route=\/wp\/v2\/pages\/1393\/revisions\/1394"}],"wp:attachment":[{"href":"https:\/\/mozaika.ug.edu.pl\/index.php?rest_route=%2Fwp%2Fv2%2Fmedia&parent=1393"}],"curies":[{"name":"wp","href":"https:\/\/api.w.org\/{rel}","templated":true}]}}