{"id":1387,"date":"2018-05-16T19:07:47","date_gmt":"2018-05-16T19:07:47","guid":{"rendered":"https:\/\/mozaika.ug.edu.pl\/?page_id=1387"},"modified":"2018-05-16T19:07:47","modified_gmt":"2018-05-16T19:07:47","slug":"ekwador-2012","status":"publish","type":"page","link":"https:\/\/mozaika.ug.edu.pl\/?page_id=1387","title":{"rendered":"Ekwador 2012"},"content":{"rendered":"<p>W dniach 30.08-15.09 2012 roku odby\u0142y si\u0119 Studenckie Badania Naukowe EKWADOR 2012, przeprowadzone we wsp\u00f3\u0142pracy z ekwadorsk\u0105 fundacj\u0105 Sumak Allpa. Podczas pobytu w Amazonii studentki ze Studenckiego Ko\u0142a Naukowego \u201eMozaika\u201d dzia\u0142aj\u0105cego przy Katedrze Kulturoznawstwa UG, bada\u0142y wp\u0142yw globalizacji na tradycyjne r\u0119kodzie\u0142o Indian Quichua.<\/p>\n<p>Podczas dni sp\u0119dzonych w Loma del Tigre uczestniczki bada\u0144 zebra\u0142y dane ze wszystkich zamieszkanych dom\u00f3w w wiosce, a opr\u00f3cz tego uczestniczy\u0142y w codziennym \u017cyciu Indian.<\/p>\n<p>W trakcie wyjazdu studentki pracowa\u0142y r\u00f3wnie\u017c w ramach wolontariatu na rzecz Fundacji Sumak Allpa \u2013 w tym roku by\u0142o to pielenie ogrodu przygotowywanego pod hodowl\u0119 ro\u015blin stosowanych w tradycyjnej medycynie Quichua.<\/p>\n<p>Wyjazd na badania terenowe by\u0142 tylko pierwszym etapem projektu. W kolejnych jego fazach b\u0119dzie opracowanie zebranych danych, napisanie artyku\u0142\u00f3w naukowych, udzia\u0142 w konferencjach krajowych i zagranicznych oraz publikacja ksi\u0105\u017cki z wynikami bada\u0144.<\/p>\n<p>Projekt Studenckich Bada\u0144 Naukowych EKWADOR 2012 zosta\u0142 obj\u0119ty patronatem przez JM Rektora UG, prof. dra hab. Bernarda Lammka oraz patronatami medialnymi przez \u201ePoznaj \u015awiat\u201d, etnosystem, Klub Podr\u00f3\u017cnik i travelbit. Projekt zosta\u0142 zrealizowany dzi\u0119ki wsparciu finansowemu Uniwersytetu Gda\u0144skiego, EnergoProjekt Katowice SA oraz Banku Zachodniego WBK w ramach programu Santander Universidades, do kt\u00f3rego nale\u017cy Uniwersytet Gda\u0144ski.<\/p>\n<p>Badania by\u0142y zorganizowane przez pracownika Katedry Kulturoznawstwa UG, dr Aleksandr\u0119 Wieruck\u0105 przy wsp\u00f3\u0142pracy Hectora Vargasa, prezesa Fundacji Sumak Allpa. Przy realizacji projektu wsp\u00f3\u0142pracowali\u015bmy r\u00f3wnie\u017c z Universidad San Francisco de Quito w Ekwadorze.<\/p>\n<p>Pe\u0142na relacja z\u00a0 bada\u0144 odby\u0142a si\u0119 na 6 listopada 2012 r., na Wydziale Filologicznym UG, ul. Wita Stwosza 55, Gda\u0144sk, aula 1.47 od godziny 16.45.<\/p>\n<p>Link do bloga z opisem poszczeg\u00f3lnych dni pracy w terenie: www.ekwador2012.blogspot.com<\/p>\n<p><img loading=\"lazy\" decoding=\"async\" class=\"alignnone size-large wp-image-1374\" src=\"https:\/\/mozaika.ug.edu.pl\/wp-content\/uploads\/2018\/05\/3-uliczni-sprzedawcy-w-Quito-1024x683.jpg\" alt=\"\" width=\"800\" height=\"534\" srcset=\"https:\/\/mozaika.ug.edu.pl\/wp-content\/uploads\/2018\/05\/3-uliczni-sprzedawcy-w-Quito.jpg 1024w, https:\/\/mozaika.ug.edu.pl\/wp-content\/uploads\/2018\/05\/3-uliczni-sprzedawcy-w-Quito-300x200.jpg 300w, https:\/\/mozaika.ug.edu.pl\/wp-content\/uploads\/2018\/05\/3-uliczni-sprzedawcy-w-Quito-768x512.jpg 768w, https:\/\/mozaika.ug.edu.pl\/wp-content\/uploads\/2018\/05\/3-uliczni-sprzedawcy-w-Quito-225x150.jpg 225w, https:\/\/mozaika.ug.edu.pl\/wp-content\/uploads\/2018\/05\/3-uliczni-sprzedawcy-w-Quito-150x100.jpg 150w\" sizes=\"auto, (max-width: 800px) 100vw, 800px\" \/> <img loading=\"lazy\" decoding=\"async\" class=\"alignnone size-large wp-image-1375\" src=\"https:\/\/mozaika.ug.edu.pl\/wp-content\/uploads\/2018\/05\/5-praca-na-rzecz-Fundacji-1024x683.jpg\" alt=\"\" width=\"800\" height=\"534\" srcset=\"https:\/\/mozaika.ug.edu.pl\/wp-content\/uploads\/2018\/05\/5-praca-na-rzecz-Fundacji.jpg 1024w, https:\/\/mozaika.ug.edu.pl\/wp-content\/uploads\/2018\/05\/5-praca-na-rzecz-Fundacji-300x200.jpg 300w, https:\/\/mozaika.ug.edu.pl\/wp-content\/uploads\/2018\/05\/5-praca-na-rzecz-Fundacji-768x512.jpg 768w, https:\/\/mozaika.ug.edu.pl\/wp-content\/uploads\/2018\/05\/5-praca-na-rzecz-Fundacji-225x150.jpg 225w, https:\/\/mozaika.ug.edu.pl\/wp-content\/uploads\/2018\/05\/5-praca-na-rzecz-Fundacji-150x100.jpg 150w\" sizes=\"auto, (max-width: 800px) 100vw, 800px\" \/> <img loading=\"lazy\" decoding=\"async\" class=\"alignnone size-large wp-image-1376\" src=\"https:\/\/mozaika.ug.edu.pl\/wp-content\/uploads\/2018\/05\/6-dzieci-ze-szkoly-Quichua-1024x683.jpg\" alt=\"\" width=\"800\" height=\"534\" srcset=\"https:\/\/mozaika.ug.edu.pl\/wp-content\/uploads\/2018\/05\/6-dzieci-ze-szkoly-Quichua.jpg 1024w, https:\/\/mozaika.ug.edu.pl\/wp-content\/uploads\/2018\/05\/6-dzieci-ze-szkoly-Quichua-300x200.jpg 300w, https:\/\/mozaika.ug.edu.pl\/wp-content\/uploads\/2018\/05\/6-dzieci-ze-szkoly-Quichua-768x512.jpg 768w, https:\/\/mozaika.ug.edu.pl\/wp-content\/uploads\/2018\/05\/6-dzieci-ze-szkoly-Quichua-225x150.jpg 225w, https:\/\/mozaika.ug.edu.pl\/wp-content\/uploads\/2018\/05\/6-dzieci-ze-szkoly-Quichua-150x100.jpg 150w\" sizes=\"auto, (max-width: 800px) 100vw, 800px\" \/> <img loading=\"lazy\" decoding=\"async\" class=\"alignnone size-large wp-image-1377\" src=\"https:\/\/mozaika.ug.edu.pl\/wp-content\/uploads\/2018\/05\/8-studentki-w-domu-Quichua-1024x683.jpg\" alt=\"\" width=\"800\" height=\"534\" srcset=\"https:\/\/mozaika.ug.edu.pl\/wp-content\/uploads\/2018\/05\/8-studentki-w-domu-Quichua.jpg 1024w, https:\/\/mozaika.ug.edu.pl\/wp-content\/uploads\/2018\/05\/8-studentki-w-domu-Quichua-300x200.jpg 300w, https:\/\/mozaika.ug.edu.pl\/wp-content\/uploads\/2018\/05\/8-studentki-w-domu-Quichua-768x512.jpg 768w, https:\/\/mozaika.ug.edu.pl\/wp-content\/uploads\/2018\/05\/8-studentki-w-domu-Quichua-225x150.jpg 225w, https:\/\/mozaika.ug.edu.pl\/wp-content\/uploads\/2018\/05\/8-studentki-w-domu-Quichua-150x100.jpg 150w\" sizes=\"auto, (max-width: 800px) 100vw, 800px\" \/> <img loading=\"lazy\" decoding=\"async\" class=\"alignnone size-large wp-image-1378\" src=\"https:\/\/mozaika.ug.edu.pl\/wp-content\/uploads\/2018\/05\/11-w-domu-Quichua-683x1024.jpg\" alt=\"\" width=\"683\" height=\"1024\" srcset=\"https:\/\/mozaika.ug.edu.pl\/wp-content\/uploads\/2018\/05\/11-w-domu-Quichua.jpg 683w, https:\/\/mozaika.ug.edu.pl\/wp-content\/uploads\/2018\/05\/11-w-domu-Quichua-200x300.jpg 200w, https:\/\/mozaika.ug.edu.pl\/wp-content\/uploads\/2018\/05\/11-w-domu-Quichua-100x150.jpg 100w\" sizes=\"auto, (max-width: 683px) 100vw, 683px\" \/> <img loading=\"lazy\" decoding=\"async\" class=\"alignnone size-large wp-image-1379\" src=\"https:\/\/mozaika.ug.edu.pl\/wp-content\/uploads\/2018\/05\/13-na-targu-w-Coca-z-Hectorem-1024x683.jpg\" alt=\"\" width=\"800\" height=\"534\" srcset=\"https:\/\/mozaika.ug.edu.pl\/wp-content\/uploads\/2018\/05\/13-na-targu-w-Coca-z-Hectorem.jpg 1024w, https:\/\/mozaika.ug.edu.pl\/wp-content\/uploads\/2018\/05\/13-na-targu-w-Coca-z-Hectorem-300x200.jpg 300w, https:\/\/mozaika.ug.edu.pl\/wp-content\/uploads\/2018\/05\/13-na-targu-w-Coca-z-Hectorem-768x512.jpg 768w, https:\/\/mozaika.ug.edu.pl\/wp-content\/uploads\/2018\/05\/13-na-targu-w-Coca-z-Hectorem-225x150.jpg 225w, https:\/\/mozaika.ug.edu.pl\/wp-content\/uploads\/2018\/05\/13-na-targu-w-Coca-z-Hectorem-150x100.jpg 150w\" sizes=\"auto, (max-width: 800px) 100vw, 800px\" \/> <img loading=\"lazy\" decoding=\"async\" class=\"alignnone size-large wp-image-1380\" src=\"https:\/\/mozaika.ug.edu.pl\/wp-content\/uploads\/2018\/05\/15-lokalne-przysmaki-1024x683.jpg\" alt=\"\" width=\"800\" height=\"534\" srcset=\"https:\/\/mozaika.ug.edu.pl\/wp-content\/uploads\/2018\/05\/15-lokalne-przysmaki.jpg 1024w, https:\/\/mozaika.ug.edu.pl\/wp-content\/uploads\/2018\/05\/15-lokalne-przysmaki-300x200.jpg 300w, https:\/\/mozaika.ug.edu.pl\/wp-content\/uploads\/2018\/05\/15-lokalne-przysmaki-768x512.jpg 768w, https:\/\/mozaika.ug.edu.pl\/wp-content\/uploads\/2018\/05\/15-lokalne-przysmaki-225x150.jpg 225w, https:\/\/mozaika.ug.edu.pl\/wp-content\/uploads\/2018\/05\/15-lokalne-przysmaki-150x100.jpg 150w\" sizes=\"auto, (max-width: 800px) 100vw, 800px\" \/> <img loading=\"lazy\" decoding=\"async\" class=\"alignnone size-large wp-image-1381\" src=\"https:\/\/mozaika.ug.edu.pl\/wp-content\/uploads\/2018\/05\/17-niektorym-smakowalo-683x1024.jpg\" alt=\"\" width=\"683\" height=\"1024\" srcset=\"https:\/\/mozaika.ug.edu.pl\/wp-content\/uploads\/2018\/05\/17-niektorym-smakowalo.jpg 683w, https:\/\/mozaika.ug.edu.pl\/wp-content\/uploads\/2018\/05\/17-niektorym-smakowalo-200x300.jpg 200w, https:\/\/mozaika.ug.edu.pl\/wp-content\/uploads\/2018\/05\/17-niektorym-smakowalo-100x150.jpg 100w\" sizes=\"auto, (max-width: 683px) 100vw, 683px\" \/> <img loading=\"lazy\" decoding=\"async\" class=\"alignnone size-large wp-image-1382\" src=\"https:\/\/mozaika.ug.edu.pl\/wp-content\/uploads\/2018\/05\/22-na-lodzi-na-rzece-Napo-1024x683.jpg\" alt=\"\" width=\"800\" height=\"534\" srcset=\"https:\/\/mozaika.ug.edu.pl\/wp-content\/uploads\/2018\/05\/22-na-lodzi-na-rzece-Napo.jpg 1024w, https:\/\/mozaika.ug.edu.pl\/wp-content\/uploads\/2018\/05\/22-na-lodzi-na-rzece-Napo-300x200.jpg 300w, https:\/\/mozaika.ug.edu.pl\/wp-content\/uploads\/2018\/05\/22-na-lodzi-na-rzece-Napo-768x512.jpg 768w, https:\/\/mozaika.ug.edu.pl\/wp-content\/uploads\/2018\/05\/22-na-lodzi-na-rzece-Napo-225x150.jpg 225w, https:\/\/mozaika.ug.edu.pl\/wp-content\/uploads\/2018\/05\/22-na-lodzi-na-rzece-Napo-150x100.jpg 150w\" sizes=\"auto, (max-width: 800px) 100vw, 800px\" \/> <img loading=\"lazy\" decoding=\"async\" class=\"alignnone size-large wp-image-1383\" src=\"https:\/\/mozaika.ug.edu.pl\/wp-content\/uploads\/2018\/05\/24-welniak-szary-kolejna-ratowana-malpa-1024x683.jpg\" alt=\"\" width=\"800\" height=\"534\" srcset=\"https:\/\/mozaika.ug.edu.pl\/wp-content\/uploads\/2018\/05\/24-welniak-szary-kolejna-ratowana-malpa.jpg 1024w, https:\/\/mozaika.ug.edu.pl\/wp-content\/uploads\/2018\/05\/24-welniak-szary-kolejna-ratowana-malpa-300x200.jpg 300w, https:\/\/mozaika.ug.edu.pl\/wp-content\/uploads\/2018\/05\/24-welniak-szary-kolejna-ratowana-malpa-768x512.jpg 768w, https:\/\/mozaika.ug.edu.pl\/wp-content\/uploads\/2018\/05\/24-welniak-szary-kolejna-ratowana-malpa-225x150.jpg 225w, https:\/\/mozaika.ug.edu.pl\/wp-content\/uploads\/2018\/05\/24-welniak-szary-kolejna-ratowana-malpa-150x100.jpg 150w\" sizes=\"auto, (max-width: 800px) 100vw, 800px\" \/> <img loading=\"lazy\" decoding=\"async\" class=\"alignnone size-large wp-image-1384\" src=\"https:\/\/mozaika.ug.edu.pl\/wp-content\/uploads\/2018\/05\/25-powstawanie-rekodziela-683x1024.jpg\" alt=\"\" width=\"683\" height=\"1024\" srcset=\"https:\/\/mozaika.ug.edu.pl\/wp-content\/uploads\/2018\/05\/25-powstawanie-rekodziela.jpg 683w, https:\/\/mozaika.ug.edu.pl\/wp-content\/uploads\/2018\/05\/25-powstawanie-rekodziela-200x300.jpg 200w, https:\/\/mozaika.ug.edu.pl\/wp-content\/uploads\/2018\/05\/25-powstawanie-rekodziela-100x150.jpg 100w\" sizes=\"auto, (max-width: 683px) 100vw, 683px\" \/> <img loading=\"lazy\" decoding=\"async\" class=\"alignnone size-large wp-image-1385\" src=\"https:\/\/mozaika.ug.edu.pl\/wp-content\/uploads\/2018\/05\/26-przy-ogniu-w-Fundacji-1024x683.jpg\" alt=\"\" width=\"800\" height=\"534\" srcset=\"https:\/\/mozaika.ug.edu.pl\/wp-content\/uploads\/2018\/05\/26-przy-ogniu-w-Fundacji.jpg 1024w, https:\/\/mozaika.ug.edu.pl\/wp-content\/uploads\/2018\/05\/26-przy-ogniu-w-Fundacji-300x200.jpg 300w, https:\/\/mozaika.ug.edu.pl\/wp-content\/uploads\/2018\/05\/26-przy-ogniu-w-Fundacji-768x512.jpg 768w, https:\/\/mozaika.ug.edu.pl\/wp-content\/uploads\/2018\/05\/26-przy-ogniu-w-Fundacji-225x150.jpg 225w, https:\/\/mozaika.ug.edu.pl\/wp-content\/uploads\/2018\/05\/26-przy-ogniu-w-Fundacji-150x100.jpg 150w\" sizes=\"auto, (max-width: 800px) 100vw, 800px\" \/> <img loading=\"lazy\" decoding=\"async\" class=\"alignnone size-large wp-image-1386\" src=\"https:\/\/mozaika.ug.edu.pl\/wp-content\/uploads\/2018\/05\/1-studentki-z-Hectorem-1024x709.jpg\" alt=\"\" width=\"800\" height=\"554\" srcset=\"https:\/\/mozaika.ug.edu.pl\/wp-content\/uploads\/2018\/05\/1-studentki-z-Hectorem.jpg 1024w, https:\/\/mozaika.ug.edu.pl\/wp-content\/uploads\/2018\/05\/1-studentki-z-Hectorem-300x208.jpg 300w, https:\/\/mozaika.ug.edu.pl\/wp-content\/uploads\/2018\/05\/1-studentki-z-Hectorem-768x532.jpg 768w, https:\/\/mozaika.ug.edu.pl\/wp-content\/uploads\/2018\/05\/1-studentki-z-Hectorem-217x150.jpg 217w, https:\/\/mozaika.ug.edu.pl\/wp-content\/uploads\/2018\/05\/1-studentki-z-Hectorem-150x104.jpg 150w\" sizes=\"auto, (max-width: 800px) 100vw, 800px\" \/><\/p>\n","protected":false},"excerpt":{"rendered":"<p>W dniach 30.08-15.09 2012 roku odby\u0142y si\u0119 Studenckie Badania Naukowe EKWADOR 2012, przeprowadzone we wsp\u00f3\u0142pracy z ekwadorsk\u0105 fundacj\u0105 Sumak Allpa. Podczas pobytu w Amazonii studentki ze Studenckiego Ko\u0142a Naukowego \u201eMozaika\u201d dzia\u0142aj\u0105cego przy Katedrze Kulturoznawstwa UG, bada\u0142y wp\u0142yw globalizacji na tradycyjne r\u0119kodzie\u0142o Indian Quichua. Podczas dni sp\u0119dzonych w Loma del Tigre \u2026 <a class=\"continue-reading-link\" href=\"https:\/\/mozaika.ug.edu.pl\/?page_id=1387\"> Continue reading<\/a><\/p>\n","protected":false},"author":100,"featured_media":0,"parent":0,"menu_order":0,"comment_status":"closed","ping_status":"closed","template":"","meta":{"footnotes":""},"class_list":["post-1387","page","type-page","status-publish","hentry"],"_links":{"self":[{"href":"https:\/\/mozaika.ug.edu.pl\/index.php?rest_route=\/wp\/v2\/pages\/1387","targetHints":{"allow":["GET"]}}],"collection":[{"href":"https:\/\/mozaika.ug.edu.pl\/index.php?rest_route=\/wp\/v2\/pages"}],"about":[{"href":"https:\/\/mozaika.ug.edu.pl\/index.php?rest_route=\/wp\/v2\/types\/page"}],"author":[{"embeddable":true,"href":"https:\/\/mozaika.ug.edu.pl\/index.php?rest_route=\/wp\/v2\/users\/100"}],"replies":[{"embeddable":true,"href":"https:\/\/mozaika.ug.edu.pl\/index.php?rest_route=%2Fwp%2Fv2%2Fcomments&post=1387"}],"version-history":[{"count":1,"href":"https:\/\/mozaika.ug.edu.pl\/index.php?rest_route=\/wp\/v2\/pages\/1387\/revisions"}],"predecessor-version":[{"id":1388,"href":"https:\/\/mozaika.ug.edu.pl\/index.php?rest_route=\/wp\/v2\/pages\/1387\/revisions\/1388"}],"wp:attachment":[{"href":"https:\/\/mozaika.ug.edu.pl\/index.php?rest_route=%2Fwp%2Fv2%2Fmedia&parent=1387"}],"curies":[{"name":"wp","href":"https:\/\/api.w.org\/{rel}","templated":true}]}}